311?
1
What is the thousands digit of 26648?
6
What is the hundreds digit of 13717?
7
What is the units digit of 56321?
1
What is the units digit of 3823?
3
What is the units digit of 7601?
1
What is the tens digit of 5560?
6
What is the hundreds digit of 17097?
0
What is the units digit of 845?
5
What is the units digit of 221?
1
What is the thousands digit of 2567?
2
What is the units digit of 4957?
7
What is the hundreds digit of 2077?
0
What is the units digit of 307?
7
What is the ten thousands digit of 20873?
2
What is the thousands digit of 5365?
5
What is the thousands digit of 35878?
5
What is the hundreds digit of 409?
4
What is the hundreds digit of 5027?
0
What is the hundreds digit of 367?
3
What is the tens digit of 17351?
5
What is the units digit of 1669?
9
What is the hundreds digit of 15114?
1
What is the ten thousands digit of 13086?
1
What is the tens digit of 2562?
6
What is the units digit of 3232?
2
What is the hundreds digit of 3069?
0
What is the hundreds digit of 7680?
6
What is the hundreds digit of 47311?
3
What is the thousands digit of 28440?
8
What is the ten thousands digit of 25722?
2
What is the hundreds digit of 952?
9
What is the units digit of 9873?
3
What is the units digit of 3141?
1
What is the tens digit of 46635?
3
What is the ten thousands digit of 77467?
7
What is the thousands digit of 9341?
9
What is the tens digit of 681?
8
What is the hundreds digit of 25972?
9
What is the thousands digit of 57981?
7
What is the hundreds digit of 59511?
5
What is the ten thousands digit of 40847?
4
What is the thousands digit of 39103?
9
What is the ten thousands digit of 13133?
1
What is the units digit of 8?
8
What is the units digit of 2306?
6
What is the units digit of 1972?
2
What is the hundreds digit of 568?
5
What is the tens digit of 6292?
9
What is the units digit of 10741?
1
What is the tens digit of 3807?
0
What is the units digit of 1074?
4
What is the tens digit of 8521?
2
What is the tens digit of 474?
7
What is the ten thousands digit of 38214?
3
What is the thousands digit of 65481?
5
What is the hundreds digit of 3084?
0
What is the hundreds digit of 2843?
8
What is the units digit of 3630?
0
What is the units digit of 53387?
7
What is the tens digit of 37?
3
What is the thousands digit of 1957?
1
What is the units digit of 799?
9
What is the thousands digit of 33206?
3
What is the ten thousands digit of 50197?
5
What is the units digit of 19537?
7
What is the hundreds digit of 45113?
1
What is the units digit of 131?
1
What is the units digit of 2613?
3
What is the hundreds digit of 754?
7
What is the units digit of 172264?
4
What is the units digit of 1440?
0
What is the ten thousands digit of 21651?
2
What is the tens digit of 1710?
1
What is the thousands digit of 2063?
2
What is the tens digit of 96226?
2
What is the units digit of 32624?
4
What is the units digit of 1951?
1
What is the units digit of 1301?
1
What is the thousands digit of 1128?
1
What is the units digit of 71620?
0
What is the hundred thousands digit of 107398?
1
What is the thousands digit of 1814?
1
What is the hundreds digit of 3240?
2
What is the ten thousands digit of 112848?
1
What is the thousands digit of 1031?
1
What is the tens digit of 6446?
4
What is the hundreds digit of 23433?
4
What is the tens digit of 1086?
8
What is the hundreds digit of 44447?
4
What is the hundreds digit of 27668?
6
What is the tens digit of 22055?
5
What is the units digit of 1451?
1
What is the thousands digit of 1727?
1
What is the thousands digit of 2081?
2
What is the hundreds digit of 122?
1
What is the thousands digit of 52392?
2
What is the tens digit of 805?
0
What is the tens digit of 1206?
0
What is the units digit of 2332?
2
What is the units digit of 8768?
8
What is the hundreds digit of 592?
5
What is the units digit of 2408?
8
What is the tens digit of 231?
3
What is the tens digit of 26995?
9
What is the hundreds digit of 25053?
0
What is the units digit of 681?
1
What is the ten thousands digit of 60167?
6
What is the hundreds digit of 838?
8
What is the tens digit of 16141?
4
What is the units digit of 2300?
0
What is the thousands digit of 126533?
6
What is the tens digit of 1943?
4
What is the hundreds digit of 4395?
3
What is the tens digit of 4511?
1
What is the thousands digit of 2684?
2
What is the hundreds digit of 420?
4
What is the units digit of 977?
7
What is the hundreds digit of 2082?
0
What is the tens digit of 1332?
3
What is the hundreds digit of 3285?
2
What is the thousands digit of 10320?
0
What is the thousands digit of 2353?
2
What is the ten thousands digit of 22724?
2
What is the units digit of 2677?
7
What is the tens digit of 2265?
6
What is the ten thousands digit of 24129?
2
What is the ten thousands digit of 19908?
1
What is the hundreds digit of 2350?
3
What is the ten thousands digit of 63678?
6
What is the hundreds digit of 3239?
2
What is the hundreds digit of 27463?
4
What is the units digit of 21140?
0
What is the units digit of 8800?
0
What is the units digit of 19359?
9
What is the thousands digit of 5816?
5
What is the hundreds digit of 7207?
2
What is the tens digit of 3063?
6
What is the tens digit of 2724?
2
What is the units digit of 6637?
7
What is the tens digit of 2938?
3
What is the tens digit of 1681?
8
What is the units digit of 1055?
5
What is the hundreds digit of 5946?
9
What is the units digit of 9687?
7
What is the thousands digit of 2642?
2
What is the hundreds digit of 9570?
5
What is the hundreds digit of 60212?
2
What is the hundreds digit of 19003?
0
What is the thousands digit of 101358?
1
What is the hundreds digit of 1410?
4
What is the units digit of 1125?
5
What is the units digit of 4364?
4
What is the units digit of 1065?
5
What is the thousands digit of 99866?
9
What is the units digit of 19417?
7
What is the hundreds digit of 542?
5
What is the units digit of 22547?
7
What is the ten thousands digit of 67981?
6
What is the tens digit of 24589?
8
What is the units digit of 220?
0
What is the units digit of 607?
7
What is the hundreds digit of 2889?
8
What is the hundreds digit of 7291?
2
What is the thousands digit of 31383?
1
What is the ten thousands digit of 103581?
0
What is the thousands digit of 6152?
6
What is the thousands digit of 17546?
7
What is the hundreds digit of 10804?
8
What is the hundreds digit of 1093?
0
What is the units digit of 5548?
8
What is the tens digit of 1818?
1
What is the hundreds digit of 19925?
9
What is the thousands digit of 79139?
9
What is the thousands digit of 1093?
1
What is the hundreds digit of 124?
1
What is the units digit of 27553?
3
What is the hundreds digit of 1878?
8
What is the units digit of 2694?
4
What is the thousands digit of 1086?
1
What is the tens digit of 7629?
2
What is the units digit of 530?
0
What is the thousands digit of 5857?
5
What is the units digit of 300?
0
What is the hundreds digit of 2522?
5
What is the tens digit of 4580?
8
What is the tens digit of 20?
2
What is the units digit of 6351?
1
What is the hundreds digit of 59659?
6
What is the tens digit of 8637?
3
What is the tens digit of 1438?
3
What is the tens digit of 2709?
0
What is the tens digit of 588?
8
What is the units digit of 4816?
6
What is the hundreds digit of 16894?
8
What is the thousands digit of 12168?
2
What is the hundreds digit of 973?
9
What is the units digit of 55694?
4
What is the tens digit of 408?
0
What is the thousands digit of 2837?
2
What is the hundreds digit of 316?
3
What is the tens digit of 690?
9
What is the thousands digit of 6536?
6
What is the thousands digit of 52718?
2
What is the hundreds digit of 4501?
5
What is the hundreds digit of 16617?
6
What is the units digit of 500?
0
What is the hundreds digit of 167524?
5
What is the hundreds digit of 1249?
2
What is the hundreds digit of 2193?
1
What is the units digit of 574?
4
What is the hundreds digit of 2743?
7
What is the units digit of 106?
6
What is the thousands digit of 1853?
1
What is the hundreds digit of 249?
2
What is the hundreds digit of 6182?
1
What is the thousands digit of 8655?
8
What is the tens digit of 119?
1
What is the hundreds digit of 138?
1
What is the tens digit of 933?
3
What is the hundreds digit of 2477?
4
W